is the value of -1 + -1 + -1 - 3?
-6
Evaluate -7 - (-1 + (-9 - -1)).
2
Evaluate 25 + -20 + -4 + 0 + -5.
-4
4 - (2 - (-5 + 2 - -1))
0
What is 0 + 8 - (19 - (2 + 12))?
3
Evaluate 2 - (-4 + (6 - 1) + 2).
-1
Evaluate -3 + (-5 - (-4 - 5)).
1
(-3 - (4 + -4)) + 3
0
What is the value of (-2 - 1) + 0 - (-3 + 4)?
-4
-3 + 0 - -5 - 5
-3
What is -7 - (-2 - (-5 + 2))?
-8
Evaluate 25 + -20 - (1 - 3).
7
What is 14 + (-10 - -2) - (-4 - -1)?
9
What is the value of (1 - 4) + (-25 - -27)?
-1
-76 - -71 - (-8 - -1)
2
What is 5 + -13 + 4 - -5?
1
Calculate 2 + 2 + -4 + (-22 - -21).
-1
What is -1 - (6 - 0) - 1?
-8
What is 6 - (8 + (-12 - -1))?
9
0 - 4 - (4 - (-3 + 10))
-1
What is 17 - 21 - ((1 - 8) + 1)?
2
-2 - (-8 + 6 + 4)
-4
What is the value of 4 + -6 + -1 + 2?
-1
What is -11 - (-13 - (5 + -11))?
-4
(4 - 4) + 2 - -2
4
What is the value of (1 + -1 - 0) + (-16 - -13)?
-3
What is the value of -7 - ((2 - 1) + -4) - -1?
-3
What is the value of -11 - -12 - (2 + -1 + 0)?
0
What is the value of 7 + -10 + 7 + 1?
5
What is the value of 0 + 1 + 1 + -6 + 2?
-2
Evaluate (-7 - -1) + (9 - 8).
-5
What is the value of -3 + 0 - (5 - (-4 - -7))?
-5
Calculate 12 + 2 - (11 + -1).
4
Evaluate -6 - (-2 - 4) - -3.
3
Evaluate 8 - (-5 - -9) - (7 + -1).
-2
Calculate 4 + (-3 + -1 - 0).
0
Evaluate 4 + -5 - -5 - 7.
-3
What is the value of 10 - (5 + -4 - -4)?
5
What is -9 - (2 - 4 - 2)?
-5
What is (1 - -9 - 2) + -11?
-3
Evaluate 8 + (-6 - -2) + 3 + -4.
3
What is 3 + 0 + 15 + (-7 - 5)?
6
What is the value of 13 - (10 - (5 - -1))?
9
0 + (-2 - -1) + -2
-3
What is 3 + (-3 + 4 - 3) + 3?
4
Evaluate -3 + (-6 - (3 - 2) - -5).
-5
5 + -8 - (10 - 17)
4
Calculate -10 - (-12 + (16 - 13)).
-1
Calculate 3 - ((0 - -3) + -1).
1
What is (-2 - -9) + (-3 + 3 - 4)?
3
Evaluate 5 - (20 + -8 + 0).
-7
5 + -13 + 14 + 1 - 15
-8
What is the value of 5 - (12 + -25 - -24)?
-6
What is the value of -6 + 4 - 0 - (0 - 1)?
-1
What is the value of -69 + 67 + (-1 + 1 - 2)?
-4
Evaluate -9 - (-8 + 4) - -11.
6
Calculate 0 + -6 + (1 - 5) + 14.
4
What is the value of -8 + (8 - 7) - -11?
4
Calculate -4 + (6 - 6) + 2.
-2
Evaluate 3 - 3 - (-5 + 4 + 3).
-2
What is 7 + -4 - 5 - -5?
3
What is the value of 2 + -1 + 0 + -1?
0
Calculate (2 - 3) + -1 + 5.
3
What is -17 - -19 - (-4 + 1 - -4)?
1
Evaluate -1 - (4 - (0 + 3) - -2).
-4
What is the value of 5 + 3 + (-5 - 0)?
3
What is (-1 - (-8 + 2 - -10)) + 2?
-3
What is the value of 7 - (18 + (-7 - -2))?
-6
What is the value of 8 + (0 - -4) + (24 - 34)?
2
Evaluate (14 - -1) + -42 + 34 - 12.
-5
2 + (12 - 12 - 4)
-2
-4 - (-3 - (-8 - -4))
-5
0 + -4 + 4 + -5
-5
What is (5 - (1 - -5)) + 0 + 0?
-1
Calculate (2 - -11) + -7 - (0 + 2).
4
Calculate 4 - (8 + -1 - (3 - 4)).
-4
2 + (-4 - -4) + -5 - -1
-2
What is the value of 7 + (3 - (18 - 3))?
-5
What is -1 - (0 + 4 - -6 - 4)?
-7
What is -7 + 3 + -3 + 7?
0
What is 5 + (-14 - -4) + 5?
0
What is -4 + 6 + (-5 - -7)?
4
Evaluate (1 - 0) + (1 - -2).
4
What is the value of -9 - (-10 + (7 - 4))?
-2
Evaluate 17 + 0 + -4 + -33 + 31.
11
(-1 - -3) + (-9 - -6)
-1
Evaluate -4 - ((2 - 2) + -2) - 3.
-5
What is 7 - (-2 + 4) - 0?
5
What is the value of (-6 - -3) + 6 - 4?
-1
What is the value of 1 - (1 + 6 - (5 - 1))?
-2
5 + 5 + -6 - 4
0
Calculate 0 - (-4 + 6) - 1 - -5.
2
Evaluate -22 - -24 - (1 + (2 - 3)).
2
What is the value of 4 + (2 + -2 + -3 - 0)?
1
7 - ((-3 - -8 - 8) + 5)
5
3 + (0 - 3 - -3 - -2)
5
-3 - ((-2 - 2 - -3) + -6)
4
3 + 0 + (-15 - -2 - -9)
-1
Evaluate (0 - 16) + 4 - -21.
9
What is the value of 8 + (-10 - -2) + -4?
-4
Evaluate -15 + 9 - (6 + -9).
-3
What is 5 + -5 + 6 - 5?
1
Evaluate 6 + (-16 - (-8 + -4 + 9)).
-7
What is the value of -5 + 8 - -3 - 3?
3
-4 + (-4 - -1 - -9)
2
What is the value of 0 + (-4 - -3 - 2)?
-3
What is the value of -20 + 19 + (1 - 0)?
0
What is the value of -19 + 14 - (-1 + 1)?
-5
What is the value of 9 - (0 + 5 + -2) - 1?
5
Calculate -3 + (7 + -2 - 5).
-3
What is -15 + 1 + (172 - 167)?
-9
What is (-12 - (-4 - 2)) + 4?
-2
What is -7 + 15 + (6 - 11)?
3
3 + (-11 + 2 - -5)
-1
What is the value of 0 + (-5 - 0) + (22 - 21)?
-4
(3 - 2) + -7 + 7
1
What is 0 + (-6 - (-3 - (-4 - -4)))?
-3
Calculate -3 + (-1 - -4) + -1 - 1.
-2
What is the value of (-10 - -7) + 3 + -3?
-3
-2 - -4 - 1 - (10 + -11)
2
-2 - 3 - (-2 + 0 + -2)
-1
Evaluate -2 - 4 - ((-1 - -13) + -14).
-4
What is the value of 0 + 0 + (2 - 2 - 3)?
-3
What is the value of -5 - -1 - (-31 - -23) - -2?
6
Evaluate -4 + -2 + -9 + 14.
-1
Evaluate (1 - 0) + 2 + -2 - 3.
-2
What is -14 + -14 + 8 + 16?
-4
Evaluate -1 + (-4 - -9) + 1.
5
Evaluate ((1 - -1) + -2 - 0) + -3.
-3
Calculate 8 - (-1 - (-2 - 5)).
2
What is 3 + -1 - (6 - (-2 - -8))?
2
Calculate -7 + 2 + 9 - (6 + -1).
-1
-2 + -11 + (3 - -5)
-5
What is 0 + 2 + -47 + 48 + 5?
8
What is -1 + 5 - (-5 - -4)?
5
-8 - (-6 + 2 + 5 - 3)
-6
6 - (2 - ((3 - 7) + 0))
0
Evaluate 1 + -12 + 3 - (1 + -16).
7
What is the value of -7 - -4 - -7 - (-4 + 4)?
4
Calculate 1 + 1 + 1 + -2.
1
Calculate -1 - 0 - (-3 + -2).
4
Evaluate -3 + 2 + (-3 - 2) + 10.
4
Calculate -13 + 8 + -2 + 4.
-3
Evaluate 2 + (1 + 3 - 1).
5
What is 8 - (-16 + 16 - (-5 + 1))?
4
What is 4 + -3 - (1 - (-3 + 1))?
-2
Evaluate -6 + (8 + -4 - 1).
-3
Evaluate -5 - (-7 - (-8 - -1)).
-5
Calculate (-1 - (-5 - 2 - -4)) + -8.
-6
What is 1 + -6 - (-1 - 3)?
-1
What is 1 - ((-2 - -2) + -1 + 3)?
-1
88 + -83 - (2 + 1 + 0)
2
(2 - -4) + (6 + -11 - -7)
8
Evaluate 4 - (4 - (10 + -2 + -4)).
4
What is the value of -3 - (4 + (-3 - 2) + -5)?
3
What is 1 - 0 - (0 + -3 + 3)?
1
4 + -5 + (-1 - -3) + 0
1
-4 - (1 - 4 - 5)
4
(0 - (-3 + 3)) + 4
4
What is the value of (2 - 0 - 5) + 7?
4
What is -8 - (-9 - -2) - (-1 + -3)?
3
What is the value of -2 + (4 - (-3 - -3)) - 3?
-1
Calculate (7 - 8) + -1 + (-3 - -1).
-4
What is (1 - 0) + 0 - 3?
-2
(-7 - (0 + -5)) + 0 + 0
-2
What is the value of 2 - (8 + 2 - 9)?
1
What is (5 - 0 - 3) + -2 + 2?
2
What is (13 - 10) + -3 + 0 + -5?
-5
What is the value of -3 - ((2 - 2) + 3 + -1)?
-5
What is the value of (0 - -7) + -21 + 2 + 13?
1
Calculate -1 + 0 - (4 + -4 - 0).
-1
What is -1 + -4 + (-31 - -38)?
2
Evaluate -4 + (11 - 6) - (0 - 0).
1
Calculate 5 + 1 + (-5 - -1) - 1.
1
Calculate 10 - (-2 + 0) - (-4 - -10).
6
-47 - -29 - (0 - 10)
-8
3 + (-10 - 9) + 8
-8
Evaluate -2 + (-1 - -2) + 8.
7
Evaluate 8 + -3 + (-2 - 3).
0
What is the value of -1 + -1 + -3 + 3 + 1?
-1
What is the value of 2 - -4 - (12 - 1)?
-5
What is the value of -11 + 0 + 9 + -5?
-7
Evaluate 2 + (-1 - 4) + 5.
2
What is the value of -3 + 4 + 4 - 1 - 0?
4
What is 4 + (19 - 16) - (-1 - -8)?
0
Evaluate 4 + (-6 - 1) - -5.
2
What is the value of 1 + 5 + (53 - 59)?
0
What is -8 + (-6 + 21 - 5 - 5)?
-3
What is the value of -3 + 7 + -7 + (9 - 1)?
5
What is -3 + 9 + (0 - 8)?
-2
Evaluate 2 + 2 + -30 + 24.
-2
What is the value of 16 - (1 - 3 - -8)?
10
Calculate (-4 - -5 - 6) + 2.
-3
What is 5 - (-2 - 1 - -3)?
5
Calculate 6 + 3 + -3 - (-18 + 19).
5
Calculate (0 - (-1 - -3)) + -75 + 79.
2
What is the value of 4 + 4 + -3 + 10 + -11?
4
What is the value of -4 + 1 + 11 + -3?
5
Calculate (-6 - -1) + (-2 - -5) + 1.
-1
What is (10 - 8) + 9 - 4?
7
What is the value of (7 - (16 + -7)) + -3?
-5
What is 3 + (-2 - (-6 + 2)) - 7?
-2
-5 + 1 + (-2 - (-2 + -2))
-2
What is (15 - 12) + 5 + -11?
-3
Calculate 6 - 1 - (23 + -4 - 17).
3
Evaluate 4 - (23 - 14) - (-8 - 2).
5
Calculate (0 - -5 - (23 + -19)) + -1.
0
-4 + 6 - (4 - 1)
-1
Evaluate -4 - (5 + 3 + -14).
2
What is the value of -2 - (-10 + (6 - 2))?
4
Evaluate -69 - -67 - (-2 + 1).
-1
Evaluate 2 + (6 - 6) + -5.
-3
-3 + (0 - 0 - -4)
1
Evaluate -10 + (5 - (8 - 6)).
-7
What is the value of 3 + -4 + 2 - (-1 - -3)?
-1
What is -14 + (1 - (1 - 8))?
-6
What is (3 - (-3 + 1 + 1)) + -9?
-5
Calculate -4 + -3 + 3 + 4 + -9.
-9
What is the value of -4 + (5 - 7) + 0 + 2?
-4
What is the value of -12 - (-2 - 5) - (0 - 0)?
-5
Evaluate 0 - (-1 + 3 + -23 + 14).
7
What is the value of -1 - (-1 + 6 + (0 - 1))?
-5
What is the value of -4 + (-4 - -6 - (-2 + 3))?
-3
Evaluate -4 + (16 - 8) + -9.
-5
Calculate 3 + (7 - 3) - 0.
7
Calculate -1 + (4 - 4 - -2).
1
0 + (-1 - 7) + 5 + -2
-5
What is -6 - (-5 + 1 + (-1 - -5))?
-6
What is 8 - (-6 - (-8 - 5))?
1
(0 - -5) + -1 + (-3 - -2)
3
What is the value of 5 + (-1 - -1 - 2) - 4?
-1
What is 2 - (-6 + 2) - 3?
3
Calculate (11 - 4) + -5 - 10.
-8
Calculate 4 + -11 - (3 - 5).
-5
Calculate 0 - 6 - (15 - 20).
-1
Calcu